{"id":5010,"date":"2021-02-18T19:10:48","date_gmt":"2021-02-18T18:10:48","guid":{"rendered":"https:\/\/www.kopi-online.de\/wordpress\/?page_id=5010"},"modified":"2025-03-06T13:44:53","modified_gmt":"2025-03-06T12:44:53","slug":"kopi-vortraege","status":"publish","type":"page","link":"https:\/\/www.kopi-online.de\/wordpress\/?page_id=5010","title":{"rendered":"KoPI-Vortr\u00e4ge"},"content":{"rendered":"17.2. 2025 ZOOM-Vortr\u00e4ge zur aktuellen Situation im Westjordanland (Helga Baumgarten) im Gazastreifen (Abed Shokry), in Israel (Nabila Espanioly) \r\nSo. 6.2.2022 17-19 Uhr, Pal\u00e4stinensische Menschenrechtsorganisationen zu Terrorgruppen erkl\u00e4rt\r\nGespr\u00e4ch mit Vertreterinnen von Addameer und Al-Hag\r\nAm 22. Oktober hat der israelische Verteidigungsminister Benny Gantz sechs international angesehene pal\u00e4stinensische Nichtregierungsorganisationen (NGOs) in den besetzten pal\u00e4stinensischen Gebieten\u00a0zu <a href=\"https:\/\/www.kopi-online.de\/wordpress\/?page_id=5010\" class=\"more-link\">...\u00a0weiterlesen<\/a>","protected":false},"excerpt":{"rendered":"<p>17.2. 2025 ZOOM-Vortr\u00e4ge zur aktuellen Situation im Westjordanland (Helga Baumgarten) im Gazastreifen (Abed Shokry), in Israel (Nabila Espanioly) So. 6.2.2022 17-19 Uhr, Pal\u00e4stinensische Menschenrechtsorganisationen zu Terrorgruppen erkl\u00e4rt Gespr\u00e4ch mit Vertreterinnen von Addameer und Al-Hag Am 22. Oktober hat der israelische &hellip; <a href=\"https:\/\/www.kopi-online.de\/wordpress\/?page_id=5010\">Weiterlesen <span class=\"meta-nav\">&rarr;<\/span><\/a><\/p>\n","protected":false},"author":20,"featured_media":0,"parent":0,"menu_order":0,"comment_status":"closed","ping_status":"closed","template":"","meta":{"footnotes":""},"class_list":["post-5010","page","type-page","status-publish","hentry"],"_links":{"self":[{"href":"https:\/\/www.kopi-online.de\/wordpress\/index.php?rest_route=\/wp\/v2\/pages\/5010","targetHints":{"allow":["GET"]}}],"collection":[{"href":"https:\/\/www.kopi-online.de\/wordpress\/index.php?rest_route=\/wp\/v2\/pages"}],"about":[{"href":"https:\/\/www.kopi-online.de\/wordpress\/index.php?rest_route=\/wp\/v2\/types\/page"}],"author":[{"embeddable":true,"href":"https:\/\/www.kopi-online.de\/wordpress\/index.php?rest_route=\/wp\/v2\/users\/20"}],"replies":[{"embeddable":true,"href":"https:\/\/www.kopi-online.de\/wordpress\/index.php?rest_route=%2Fwp%2Fv2%2Fcomments&post=5010"}],"version-history":[{"count":40,"href":"https:\/\/www.kopi-online.de\/wordpress\/index.php?rest_route=\/wp\/v2\/pages\/5010\/revisions"}],"predecessor-version":[{"id":5537,"href":"https:\/\/www.kopi-online.de\/wordpress\/index.php?rest_route=\/wp\/v2\/pages\/5010\/revisions\/5537"}],"wp:attachment":[{"href":"https:\/\/www.kopi-online.de\/wordpress\/index.php?rest_route=%2Fwp%2Fv2%2Fmedia&parent=5010"}],"curies":[{"name":"wp","href":"https:\/\/api.w.org\/{rel}","templated":true}]}}